te b(-148).
-115
Let l(r) = -617444*r - 2469778. Calculate l(-4).
-2
Let m(l) = -315178*l + 1891077. Give m(6).
9
Let p(y) = -2*y**2 + 216*y - 4925. Calculate p(25).
-775
Let d(o) = 38*o**2 + 729*o + 279. Calculate d(-19).
146
Let c(f) = -2181*f - 4226. Give c(-2).
136
Let s(z) = 540*z - 71372. Determine s(132).
-92
Let i(l) = 1932*l - 175811. Give i(91).
1
Let v(x) = -423*x - 5617. Determine v(-13).
-118
Let z(l) = l**2 + 53*l - 5586. What is z(54)?
192
Let f(s) = 16893*s - 31215. Give f(2).
2571
Let t(g) = 11906*g + 35723. Calculate t(-3).
5
Let h(v) = 1176*v + 1904. Calculate h(-2).
-448
Let n(k) = 1354*k - 177816. Calculate n(131).
-442
Let n(d) = 324*d - 3441. Calculate n(15).
1419
Let o(q) = 312351*q - 3435875. Calculate o(11).
-14
Let j(x) = -2*x**2 + 76*x + 294. What is j(42)?
-42
Let p(m) = 2*m**3 + 43*m**2 + 276*m + 5347. Calculate p(-21).
-8
Let t(l) = -l**2 - 21*l + 37. Determine t(-10).
147
Let s(n) = -115900*n + 579591. Calculate s(5).
91
Let k(b) = 18181*b + 163679. Give k(-9).
50
Let q(c) = -1470*c + 688026. Calculate q(468).
66
Let m(a) = -27*a**2 - 180*a + 8. Give m(-6).
116
Let b(u) = -146124*u**2 - 2337979*u + 28. Calculate b(-16).
-52
Let c(b) = -4323*b + 501469. Calculate c(116).
1
Let y(z) = 405*z + 9679. What is y(-24)?
-41
Let k(y) = -39167*y + 156658. What is k(4)?
-10
Let q(v) = -v**3 + 69*v**2 + 76*v - 503. Calculate q(70).
-83
Let n(a) = 10*a**3 - 7*a**2 - 49*a + 275. Give n(5).
1105
Let v(i) = -2*i**2 + 9451*i + 189828. What is v(-20)?
8
Let x(g) = -669*g - 50531. Calculate x(-71).
-3032
Let y(h) = -1097*h + 7435. Calculate y(7).
-244
Let q(s) = -1384*s - 638265. Determine q(-461).
-241
Let o(w) = 1380*w + 27371. What is o(-20)?
-229
Let j(u) = -2024*u - 528251. What is j(-261)?
13
Let o(w) = -w**3 + 84*w**2 + 520*w - 56096. What is o(82)?
-8
Let a(x) = -111*x - 8828. What is a(-76)?
-392
Let l(q) = -85*q**3 - 5*q**2 + 3320*q + 10000. Give l(-3).
2290
Let o(k) = -491*k + 47031. What is o(96)?
-105
Let h(x) = 256*x + 27113. Calculate h(-99).
1769
Let w(y) = 45*y**3 - 6433*y**2 - 271*y - 2166. Give w(143).
-21
Let z(a) = a**3 - 155*a**2 + 2*a + 10. What is z(0)?
10
Let l(m) = -7*m**3 + 6*m**2 + 51*m + 161. Calculate l(-5).
931
Let x(n) = -10960*n + 591809. Give x(54).
-31
Let c(v) = 17257*v + 534970. Give c(-31).
3
Let v(q) = 101*q**2 - 82*q - 4137. Give v(-6).
-9
Let y(g) = -6*g**3 + 1095*g**2 - 643*g + 17822. What is y(182)?
168
Let d(r) = -18*r**3 - 55*r**2 + 330*r + 63. Give d(-6).
-9
Let i(o) = -55*o**2 + 1244*o + 6201. What is i(-5)?
-1394
Let w(o) = -22690*o - 181490. What is w(-8)?
30
Let x(s) = -s**3 - 29*s**2 - 147*s - 593. What is x(-24)?
55
Let v(p) = -1835*p - 49554. Give v(-27).
-9
Let o(r) = -854*r**3 - 5*r**2 - 4*r. Calculate o(-1).
853
Let n(m) = -3*m**2 - 47*m + 4983. Calculate n(-56).
-1793
Let a(i) = -2*i**3 + 14*i**2 - 140*i + 1272. Determine a(8).
24
Let a(i) = 212*i - 1519. What is a(10)?
601
Let m(d) = -3*d**3 - 82*d**2 + 5428*d - 105. Calculate m(31).
-12
Let w(l) = 4*l**2 + 87*l + 535. Give w(-16).
167
Let k(t) = 209*t**2 + 1847*t - 301. Determine k(-9).
5
Let a(p) = 5035*p - 60750. Give a(12).
-330
Let k(y) = 3*y**2 - 218*y + 397. Calculate k(71).
42
Let l(h) = -92*h**2 - 1646*h - 1646. Give l(-1).
-92
Let b(k) = 1301692*k - 11715226. Give b(9).
2
Let z(l) = -13*l**3 - 210*l**2 + 916*l + 15169. Calculate z(-16).
1
Let a(j) = 74*j + 2511. Give a(-27).
513
Let r(w) = -50190*w + 401630. Give r(8).
110
Let h(o) = -12*o**2 + 952*o - 9575. Calculate h(10).
-1255
Let i(g) = -3*g**2 - 13771*g + 304413. What is i(22)?
-1
Let u(d) = -22*d**3 + 5*d**2 + 30*d + 49. What is u(-2)?
185
Let n(y) = -y**3 + 104*y**2 + 2064*y - 888. Calculate n(121).
-41
Let k(i) = 86*i**3 + 3956*i**2 - 16*i - 711. Calculate k(-46).
25
Let m(h) = h**3 - 11*h**2 - 725*h - 2667. Give m(-4).
-7
Let k(y) = 67*y**2 - 490*y - 4855. What is k(13)?
98
Let s(y) = 2316*y - 67118. Determine s(29).
46
Let g(f) = 4*f**3 + 123*f**2 - 305*f + 121. Calculate g(-33).
385
Let r(n) = -781*n - 7710. Give r(-10).
100
Let o(f) = -f**3 + 11*f**2 + 3908*f + 176. What is o(-57)?
-1648
Let k(t) = 295*t + 4510. Give k(-17).
-505
Let n(w) = -w**3 + 70*w**2 - 551*w - 31. Calculate n(61).
-153
Let x(h) = -189*h**2 + 1276*h + 4. Give x(7).
-325
Let x(u) = -12*u**2 - 214*u + 1872. What is x(8)?
-608
Let r(s) = 14*s**2 - 489*s - 53. What is r(37)?
1020
Let m(b) = b**3 + 47*b**2 + 793*b + 31668. What is m(-45)?
33
Let p(u) = -14*u**3 - u**2 - 988*u - 3938. Give p(-4).
894
Let j(g) = -33636*g - 101849. Give j(-3).
-941
Let d(n) = 2*n**2 + 668*n - 12641. Determine d(19).
773
Let g(z) = 6898*z - 69107. Determine g(10).
-127
Let m(j) = -3*j**2 - 163*j + 11943. Determine m(-96).
-57
Let x(q) = -q**2 - 43652*q - 741837. Determine x(-17).
-42
Let q(y) = 143290*y + 9313854. Calculate q(-65).
4
Let f(u) = u**3 - u**2 - 464*u - 4705. What is f(-10)?
-1165
Let q(j) = j**3 + 2357*j**2 + 142289*j - 57. Determine q(-62).
5
Let d(q) = 2*q**3 + 2683*q**2 + 1342*q + 1362. Calculate d(-1341).
21
Let l(t) = -4*t**2 - 729*t + 40911. Give l(45).
6
Let f(h) = 375*h + 2377. Give f(-5).
502
Let f(s) = -3309*s - 493054. Determine f(-149).
-13
Let o(f) = -250*f**2 + 7000*f + 3. Determine o(28).
3
Let t(u) = 11562*u + 69345. Calculate t(-6).
-27
Let d(w) = 2470*w - 2474907. Give d(1002).
33
Let b(c) = c**3 + 21*c**2 - 217*c + 308. Determine b(6).
-22
Let u(p) = p**3 + 31*p**2 - 65*p - 2034. Give u(-31).
-19
Let n(c) = 3054*c - 70249. Calculate n(23).
-7
Let s(d) = 21*d**2 + 160*d + 44. Determine s(-8).
108
Let h(m) = 24982*m - 999231. Determine h(40).
49
Let y(r) = -200*r**2 - 16589*r + 924. Calculate y(-83).
11
Let o(c) = 9*c**2 + 81*c - 1254. Give o(12).
1014
Let i(o) = 3*o**2 + 2330*o + 163501. Calculate i(-78).
13
Let k(p) = p**3 + 89*p**2 + 117*p - 4668. What is k(-87)?
291
Let k(z) = 26*z + 3436. Give k(-131).
30
Let z(x) = -360*x + 7645. Determine z(21).
85
Let l(h) = 432*h + 54930. What is l(-127)?
66
Let v(y) = y**3 - 544*y**2 - 1327*y + 128304. What is v(546)?
-6
Let b(k) = 55*k - 2431. Determine b(24).
-1111
Let i(k) = -154*k - 2523. Give i(-14).
-367
Let d(w) = 10219*w + 75058. What is d(-7)?
3525
Let y(n) = 2*n**2 - 84616*n - 3133530. Calculate y(-37).
0
Let s(c) = -449*c + 24847. Calculate s(47).
3744
Let c(k) = 55*k**2 + 1183*k - 2369. Determine c(2).
217
Let s(d) = 582216*d + 34932958. Give s(-60).
-2
Let q(m) = 9*m**2 - 1522*m + 24507. Give q(18).
27
Let f(z) = z**3 + 5*z**2 + 78*z + 977. Calculate f(0).
977
Let v(o) = 4*o**2 + 54*o - 92. Calculate v(6).
376
Let y(r) = -28672*r - 11468786. Calculate y(-400).
14
Let p(k) = k**2 - 2828*k + 25403. Determine p(9).
32
Let v(a) = -19*a**2 + 1737*a - 1736. Give v(1).
-18
Let w(x) = -11859*x + 332021. Calculate w(28).
-31
Let y(m) = -6*m**2 - 167*m + 622. Give y(7).
-841
Let d(k) = 15266*k + 15315. Determine d(-1).
49
Let f(y) = -16*y**2 + 74*y + 14983. Give f(33).
1
Let r(g) = -337*g**2 + 84590*g - 714. Give r(251).
39
Let h(o) = -332769*o + 6655376. Determine h(20).
-4
Let g(d) = 918*d**2 + 142*d + 140. Calculate g(-1).
916
Let s(k) = -1113*k + 27795. Calculate s(25).
-30
Let d(x) = -229*x - 19611. Determine d(-85).
-146
Let f(k) = 3*k**2 + 82*k + 442. Give f(-22).
90
Let q(k) = 17*k + 1195. What is q(-12)?
991
Let o(q) = -q**3 + q**2 + 65*q - 470. What is o(6)?
-260
Let h(w) = -285*w - 28810. Give h(-101).
-25
Let t(j) = -221*j - 56295. What is t(-256)?
281
Let s(f) = 2*f**3 - 188*f**2 - 188*f - 77. Determine s(95).
113
Let i(m) = -m**3 - 13*m**2 + 1269*m + 24376. Give i(-26).
170
Let o(u) = -24675*u - 98678. What is o(-4)?
22
Let b(r) = 516*r - 298240. What is b(578)?
8
Let q(r) = -r**2 + 219*r - 2594. Calculate q(24).
2086
Let m(s) = 2*s**2 + 2299*s + 112471. Determine m(-51).
424
Let l(m) = 2*m**3 - 110*m**2 - 332*m + 18263. What is l(55)?
3
Let f(o) = -29*o**2 - 888*o + 79. What is f(-31)?
-262
Let r(o) = -4700*o + 173892. Determine r(37).
-8
Let u(v) = -2*v**3 + 37*v**2 - 10*v + 241. What is u(18)?
385
Let p(a) = -1081*a + 65849. Calculate p(61).
-92
Let w(r) = -154*r**2 - 10472*r - 16. Calculate w(-68).
-16
Let t(a) = -2*a**3 + 11*a**2 + 114*a - 62. What is t(15)?
-2627
Let f(z) = -157163*z + 16502110. Determine f(105).
-5
Let t(q) = 123324*q + 616593. Calculate t(-5).
-27
Let a(u) = u**3 + 2*u**2 - 4149*u + 3.